/(-2)*(-1 + 0)*2 is divided by 10.
9
Suppose 6*s - 45 = 3*s. Let t be (2*3/2)/((-42)/1148). Let l = -54 - t. Calculate the remainder when l is divided by s.
13
Let m(l) = l**2 - 3*l + 12. Suppose 5*g + 53 - 4 = 4*d, -5*d + 68 = -4*g. What is the remainder when m(6) is divided by d?
14
Suppose -3*j - 2*j + 70 = 3*h, j = 2*h + 1. What is the remainder when 59 + -60 - (-34 + 3) is divided by j?
8
Suppose -118 = -4*t + 98. Let c = 27 + t. Calculate the remainder when c is divided by 21.
18
Suppose 136 = 4*t - 4*b, 5*t - 165 = -6*b + 10*b. Calculate the remainder when 111 is divided by t.
24
Suppose 3*l + 15 = 21. Let m(o) = o**3 - 2*o**2 + 2*o - 2. Suppose -4 = 6*t - 16. What is the remainder when t is divided by m(l)?
0
What is the remainder when (-2)/((-12)/93)*2 is divided by -4 + (-24)/(-4) - -7?
4
Let c = 21 - 16. Suppose c*q - 20 = -k, -2*k - q - 143 = -6*k. What is the remainder when 139 is divided by k?
34
Suppose 17*y = 55*y - 9424. What is the remainder when y is divided by 87?
74
Let l = 66 + 8. Let h be 2 + (-25)/(0 + -5). Suppose -25 = -h*p + 6*p. Calculate the remainder when l is divided by p.
24
Let o = -76 + 72. Let t(a) = 3*a**2 + 11*a + 4. What is the remainder when t(o) is divided by 7?
1
Let j = 18 - 12. Let u = 16 + -3. What is the remainder when 2/j + 624/18 - 1 is divided by u?
8
Suppose -5*k = -6*t + 8*t - 1065, -2*k - 3*t + 426 = 0. Calculate the remainder when k is divided by 56.
45
Let h(c) = -c + 9. Let a be h(0). What is the remainder when 78 is divided by 24/20*120/a?
14
Let n be (9 + 1)/(2/3). Let g(w) = 3*w - 11. Let c(i) = 13*i**3 - 2*i**2 + 2*i - 1. Calculate the remainder when g(n) is divided by c(1).
10
Let i = 12 + -7. Calculate the remainder when (-8)/(8/(-7)) - -2 is divided by i.
4
Suppose 5*b = 5*y - 285, -3*y - 2*b = y - 234. Calculate the remainder when y is divided by (0 + -3)*155/(-15).
27
Let i(j) = -j**3 - 11*j**2 + 12*j + 15. Suppose 223 = 2*p - 2*c - 15, 0 = -5*p + 6*c + 597. What is the remainder when p is divided by i(-12)?
12
Let h(l) = l**2 + l + 5. What is the remainder when 123 is divided by h(-5)?
23
Suppose 550*m = 547*m + 27. What is the remainder when 79 is divided by m?
7
Let b(a) = -4*a**3 + a**2 + 6*a - 1. Calculate the remainder when b(-2) is divided by ((-16)/6)/((-3)/9).
7
Calculate the remainder when 40 is divided by (-1)/(-2)*(3 - 15) - -8.
0
Suppose -4*c = -4*n - 6*c + 218, 211 = 4*n - 5*c. What is the remainder when 106 is divided by n?
52
Suppose 5*w - 4*t - 90 = -2*t, -2*t + 110 = 5*w. Let a(m) = m**3 - 5*m**2 - 26*m + 29. Calculate the remainder when a(9) is divided by w.
19
Let k be 4/(-14) - 150/(-35). Suppose -12 = k*c - 10*c. Calculate the remainder when c/(-1*6/(-159)) is divided by 14.
11
Let s(c) = -29*c + 31. Let l be s(12). Let b = -136 - l. What is the remainder when b is divided by 26?
25
Let t = 89 - 60. Suppose -15 = -5*q, 0 = 2*d - 4*q - 0 - 10. What is the remainder when t is divided by d?
7
Suppose 2*h + 4 = -0. Calculate the remainder when 108 is divided by (-1)/h*-2 + 23.
20
Let o = 84 - -121. What is the remainder when o is divided by ((-68)/(-85)*-26)/((-4)/10)?
49
Let i(w) = 5*w + 121. What is the remainder when 288 is divided by i(-20)?
15
Suppose 0 = -3*t + 7 - 1. Let h be 1/(-1) - -4 - -1. Calculate the remainder when 6 - (3/(-9) + h/(-6)) is divided by t.
1
Let d(j) = -7*j - 8. Let c(g) = -g**2 - 16*g - 58. Let f be c(-5). Calculate the remainder when 50 is divided by d(f).
11
Let b(j) = -8*j**2 + j + 45. Let p(t) = -12*t**2 + 2*t + 67. Let s(h) = -8*b(h) + 5*p(h). What is the remainder when s(4) is divided by 7?
5
Let p(n) = 21*n + 48. Calculate the remainder when p(6) is divided by 61.
52
Let i = -309 + 339. Calculate the remainder when i is divided by 24.
6
Suppose 0*q - 291 = -3*q. Suppose -14*y - 1960 = -88*y + 34*y. What is the remainder when q is divided by y?
48
Let s be 4/12*-52*(-6)/4. Suppose 3*u - s = -8. Calculate the remainder when 22 is divided by u.
4
Let r be 30/2*(3 + 4). Suppose 0 = o - 0*o - r. Let v = 187 - o. Calculate the remainder when v is divided by 21.
19
Let o be ((-19)/(-3))/((-1)/(-6)). Let q(g) = g**3 - 5*g**2 + 5*g - 2. Let y be q(4). Suppose 38 + o = y*p. Calculate the remainder when p is divided by 20.
18
Let q(l) = 53*l**2 - l. Calculate the remainder when q(-1) is divided by 16.
6
Let t(g) = 2*g - 33*g**2 + 23*g**2 - 5 + g**3 + 3*g. Let l = 9 + 3. What is the remainder when t(10) is divided by l?
9
Let x(q) = 5*q**2 + 3*q + 1. Let s be x(-7). Let j = s + -149. Suppose -2*u - 2*u = -j. What is the remainder when 75 is divided by u?
18
What is the remainder when (-3)/(-1) - (-5 + -11 + 4) is divided by 13?
2
What is the remainder when 107 is divided by (-6)/(((-1)/4)/(22/24))?
19
Suppose j - 10 = -6. Suppose 0 = -3*z - j*r - 0*r + 207, -2*z - 3*r = -139. Calculate the remainder when z is divided by 34/(4/4 + 1).
14
Suppose -3*g + 156 = 9*g. What is the remainder when 44 is divided by g?
5
Let c(b) = -58*b - 201. Calculate the remainder when c(-5) is divided by 85.
4
Let w(x) = -5*x - 43. Suppose 32 = -2*h - a, -5*a + 3*a + 98 = -5*h. Calculate the remainder when w(h) is divided by 16.
15
Let l(c) = c**3 - 8*c**2 + 6*c + 17. Let b be l(8). Let o = 113 - b. What is the remainder when o is divided by 10?
8
Let k = 191 - 134. Calculate the remainder when 797 is divided by k.
56
Let t(u) be the first derivative of -u - 3/2*u**2 - 5. Calculate the remainder when 48 is divided by t(-6).
14
What is the remainder when 81 is divided by ((-2)/15*-3)/(10/650)?
3
Suppose -12*p + 87 = -57. What is the remainder when 54 is divided by (-69)/(-18) + 4 - (-2)/p?
6
Let y(z) = -z**2 - 29*z - 187. What is the remainder when 71 is divided by y(-13)?
8
Let n(a) = a**3 + a**2 + a - 32. What is the remainder when n(10) is divided by 40?
38
Suppose -2*z + 0*z + 6 = 0. Let d = 15 - -2. What is the remainder when d is divided by z?
2
Let p = 933 - 865. Calculate the remainder when p is divided by 1.
0
Calculate the remainder when 11451/33 - (-1 + 1) is divided by 11.
6
Suppose 5*q - 75 + 5 = 0. What is the remainder when 135 is divided by q?
9
Let d(b) = b**2 - 6*b + 25. Let k = 98 + -87. Calculate the remainder when d(k) is divided by 27.
26
Let p(f) = 86*f**2 - 14*f - 2. Let s be p(6). Calculate the remainder when s/22 - 2 - 10/(-55) is divided by 17.
16
Let s = 8 - 5. Let u = s - 3. Suppose 5*k = 4*c + 125, -c + 63 = 2*k - u*c. Calculate the remainder when k is divided by 10.
9
Let t = 36 + -22. Suppose 4*s = 2*r - 32 - t, 5*r - 3*s = 122. Suppose -18 = -5*w + 27. Calculate the remainder when r is divided by w.
7
What is the remainder when 105 is divided by ((-64)/20 + 2)/(10/(-325))?
27
Suppose -322 + 28 = -21*y. What is the remainder when 316 is divided by y?
8
Let d(r) = -3*r**3 + 5*r**2 + 3*r. Let o be d(-2). Calculate the remainder when 9 is divided by (-22)/(-110) + o/10.
1
Suppose -3703 = -28*y - 263 - 332. Suppose 6*i - i = 140. What is the remainder when y is divided by i?
27
Suppose -4*o + 28 = -5*s - o, 0 = -s + 4*o + 8. Let d = -5 - s. Calculate the remainder when 3 is divided by d.
0
Let y = 719 - 642. Calculate the remainder when y is divided by 41.
36
Suppose 5*n - 3*n = 74. Let x = 996 - 886. What is the remainder when x is divided by n?
36
Suppose u - 4*u = 0. Suppose u = z - 18 + 1. Let n = 25 - z. What is the remainder when 30 is divided by n?
6
Suppose 2*o + 46*o = 1824. Calculate the remainder when 189 is divided by o.
37
Let l(h) = 68*h**2 + 69*h + 70. Let k = 37 - 23. What is the remainder when l(-1) is divided by k?
13
Suppose 5*t - 2*k = 7, -4*t + 0 = -4*k + 4. Suppose t*j = -0*j + 45. Let g = 155 + -97. What is the remainder when g is divided by j?
13
Suppose 0 = x + 10*x - 4224. Calculate the remainder when x is divided by 43.
40
Suppose 0 = -13*l + 655 + 21. Calculate the remainder when l is divided by 44.
8
Let f(k) = k**3 + 31*k**2 + 209*k - 9. Calculate the remainder when 1197 is divided by f(-21).
9
Let n = -51 - -64. Suppose -70 = 3*x - n*x. Calculate the remainder when 39 is divided by x.
4
Suppose 115 = -14*z + 19*z. Let m = z + 10. Suppose 4*j + 5 = t, -t + 2*j + 62 = 3*t. Calculate the remainder when m is divided by t.
16
Let f be 43/5 - (-3)/(-5). Suppose -f - 8 = -4*g. Suppose n = -0*n + 14. Calculat